{"id":549,"date":"2024-01-15T14:15:51","date_gmt":"2024-01-15T13:15:51","guid":{"rendered":"http:\/\/hoteldw.cluster029.hosting.ovh.net\/?page_id=549"},"modified":"2025-11-10T18:46:45","modified_gmt":"2025-11-10T17:46:45","slug":"accueil","status":"publish","type":"page","link":"https:\/\/hoteldieudebrie.org\/","title":{"rendered":"Accueil"},"content":{"rendered":"\n<p>La notion m\u00e9di\u00e9vale d&rsquo;h\u00f4pital repose sur un principe chr\u00e9tien tr\u00e8s g\u00e9n\u00e9ral : la charit\u00e9. <\/p>\n\n\n\n<p>Elle s&rsquo;adresse \u00e0 toute personne qui a besoin de secours quelle que soit l&rsquo;assistance qu&rsquo;elle r\u00e9clame : nourriture, logement, soins. <\/p>\n\n\n\n<p>L&rsquo;h\u00f4tel-Dieu est un lieu d&rsquo;hospitalit\u00e9, d&rsquo;accueil, d&rsquo;assistance provisoire pour les voyageurs ou les p\u00e8lerins qu&rsquo;il faut loger quelques nuits ou pour les vagabonds, les vieillards, les orphelins.<\/p>\n\n\n\n<p>La proximit\u00e9 de l\u2019h\u00f4tel-Dieu de Brie avec le march\u00e9 devait apporter un flux important de voyageurs.<\/p>\n\n\n\n<p>Ce b\u00e2timent n\u2019avait pas pour vocation principale de soigner mais d\u2019accueillir les voyageurs de passage. <\/p>\n\n\n\n<p>Une \u00ab\u00a0maison aux malades\u00a0\u00bb fond\u00e9e par <a href=\"http:\/\/hoteldw.cluster029.hosting.ovh.net\/index.php\/glossaire\/#ancreD\">Jeanne d&rsquo;Evreux<\/a> est attest\u00e9e dans les sources \u00e9crites entre 1339 et 1363 avec cette fois pour v\u00e9ritable vocation de soigner. <\/p>\n\n\n\n<p>Cet \u00e9difice \u00e9tait situ\u00e9 \u00e0 proximit\u00e9 de la Porte des fontaines.<\/p>\n\n\n\n<p><em>Bonne visite virtuelle.<\/em><\/p>\n","protected":false},"excerpt":{"rendered":"<p>La notion m\u00e9di\u00e9vale d&rsquo;h\u00f4pital repose sur un principe chr\u00e9tien tr\u00e8s g\u00e9n\u00e9ral : la charit\u00e9. Elle s&rsquo;adresse \u00e0 toute personne qui a besoin de secours quelle que soit l&rsquo;assistance qu&rsquo;elle r\u00e9clame : nourriture, logement, soins. L&rsquo;h\u00f4tel-Dieu est un lieu d&rsquo;hospitalit\u00e9, d&rsquo;accueil, d&rsquo;assistance provisoire pour les voyageurs ou les p\u00e8lerins qu&rsquo;il faut loger quelques nuits ou pour [&hellip;]<\/p>\n","protected":false},"author":1,"featured_media":156,"parent":0,"menu_order":0,"comment_status":"closed","ping_status":"closed","template":"","meta":{"footnotes":""},"yoast_head":"<!-- This site is optimized with the Yoast SEO plugin v21.6 - https:\/\/yoast.com\/wordpress\/plugins\/seo\/ -->\n<title>Accueil - H\u00f4tel-Dieu Brie-Comte-Robert.<\/title>\n<meta name=\"robots\" content=\"index, follow, max-snippet:-1, max-image-preview:large, max-video-preview:-1\" \/>\n<link rel=\"canonical\" href=\"https:\/\/hoteldieudebrie.org\/\" \/>\n<meta property=\"og:locale\" content=\"fr_FR\" \/>\n<meta property=\"og:type\" content=\"article\" \/>\n<meta property=\"og:title\" content=\"Accueil - H\u00f4tel-Dieu Brie-Comte-Robert.\" \/>\n<meta property=\"og:description\" content=\"La notion m\u00e9di\u00e9vale d&rsquo;h\u00f4pital repose sur un principe chr\u00e9tien tr\u00e8s g\u00e9n\u00e9ral : la charit\u00e9. Elle s&rsquo;adresse \u00e0 toute personne qui a besoin de secours quelle que soit l&rsquo;assistance qu&rsquo;elle r\u00e9clame : nourriture, logement, soins. L&rsquo;h\u00f4tel-Dieu est un lieu d&rsquo;hospitalit\u00e9, d&rsquo;accueil, d&rsquo;assistance provisoire pour les voyageurs ou les p\u00e8lerins qu&rsquo;il faut loger quelques nuits ou pour [&hellip;]\" \/>\n<meta property=\"og:url\" content=\"https:\/\/hoteldieudebrie.org\/\" \/>\n<meta property=\"og:site_name\" content=\"H\u00f4tel-Dieu Brie-Comte-Robert.\" \/>\n<meta property=\"article:modified_time\" content=\"2025-11-10T17:46:45+00:00\" \/>\n<meta property=\"og:image\" content=\"https:\/\/hoteldieudebrie.org\/wp-content\/uploads\/2023\/12\/IMG20230916202713-1.png\" \/>\n\t<meta property=\"og:image:width\" content=\"1280\" \/>\n\t<meta property=\"og:image:height\" content=\"449\" \/>\n\t<meta property=\"og:image:type\" content=\"image\/png\" \/>\n<meta name=\"twitter:card\" content=\"summary_large_image\" \/>\n<meta name=\"twitter:label1\" content=\"Dur\u00e9e de lecture estim\u00e9e\" \/>\n\t<meta name=\"twitter:data1\" content=\"1 minute\" \/>\n<script type=\"application\/ld+json\" class=\"yoast-schema-graph\">{\"@context\":\"https:\/\/schema.org\",\"@graph\":[{\"@type\":\"WebPage\",\"@id\":\"https:\/\/hoteldieudebrie.org\/\",\"url\":\"https:\/\/hoteldieudebrie.org\/\",\"name\":\"Accueil - H\u00f4tel-Dieu Brie-Comte-Robert.\",\"isPartOf\":{\"@id\":\"http:\/\/hoteldieudebrie.org\/#website\"},\"datePublished\":\"2024-01-15T13:15:51+00:00\",\"dateModified\":\"2025-11-10T17:46:45+00:00\",\"breadcrumb\":{\"@id\":\"https:\/\/hoteldieudebrie.org\/#breadcrumb\"},\"inLanguage\":\"fr-FR\",\"potentialAction\":[{\"@type\":\"ReadAction\",\"target\":[\"https:\/\/hoteldieudebrie.org\/\"]}]},{\"@type\":\"BreadcrumbList\",\"@id\":\"https:\/\/hoteldieudebrie.org\/#breadcrumb\",\"itemListElement\":[{\"@type\":\"ListItem\",\"position\":1,\"name\":\"Accueil\",\"item\":\"https:\/\/hoteldieudebrie.org\/\"},{\"@type\":\"ListItem\",\"position\":2,\"name\":\"Accueil\"}]},{\"@type\":\"WebSite\",\"@id\":\"http:\/\/hoteldieudebrie.org\/#website\",\"url\":\"http:\/\/hoteldieudebrie.org\/\",\"name\":\"H\u00f4tel-Dieu Brie-Comte-Robert.\",\"description\":\"\u00a9 Les Amis du Vieux Ch\u00e2teau\",\"potentialAction\":[{\"@type\":\"SearchAction\",\"target\":{\"@type\":\"EntryPoint\",\"urlTemplate\":\"http:\/\/hoteldieudebrie.org\/?s={search_term_string}\"},\"query-input\":\"required name=search_term_string\"}],\"inLanguage\":\"fr-FR\"}]}<\/script>\n<!-- \/ Yoast SEO plugin. -->","yoast_head_json":{"title":"Accueil - H\u00f4tel-Dieu Brie-Comte-Robert.","robots":{"index":"index","follow":"follow","max-snippet":"max-snippet:-1","max-image-preview":"max-image-preview:large","max-video-preview":"max-video-preview:-1"},"canonical":"https:\/\/hoteldieudebrie.org\/","og_locale":"fr_FR","og_type":"article","og_title":"Accueil - H\u00f4tel-Dieu Brie-Comte-Robert.","og_description":"La notion m\u00e9di\u00e9vale d&rsquo;h\u00f4pital repose sur un principe chr\u00e9tien tr\u00e8s g\u00e9n\u00e9ral : la charit\u00e9. Elle s&rsquo;adresse \u00e0 toute personne qui a besoin de secours quelle que soit l&rsquo;assistance qu&rsquo;elle r\u00e9clame : nourriture, logement, soins. L&rsquo;h\u00f4tel-Dieu est un lieu d&rsquo;hospitalit\u00e9, d&rsquo;accueil, d&rsquo;assistance provisoire pour les voyageurs ou les p\u00e8lerins qu&rsquo;il faut loger quelques nuits ou pour [&hellip;]","og_url":"https:\/\/hoteldieudebrie.org\/","og_site_name":"H\u00f4tel-Dieu Brie-Comte-Robert.","article_modified_time":"2025-11-10T17:46:45+00:00","og_image":[{"width":1280,"height":449,"url":"https:\/\/hoteldieudebrie.org\/wp-content\/uploads\/2023\/12\/IMG20230916202713-1.png","type":"image\/png"}],"twitter_card":"summary_large_image","twitter_misc":{"Dur\u00e9e de lecture estim\u00e9e":"1 minute"},"schema":{"@context":"https:\/\/schema.org","@graph":[{"@type":"WebPage","@id":"https:\/\/hoteldieudebrie.org\/","url":"https:\/\/hoteldieudebrie.org\/","name":"Accueil - H\u00f4tel-Dieu Brie-Comte-Robert.","isPartOf":{"@id":"http:\/\/hoteldieudebrie.org\/#website"},"datePublished":"2024-01-15T13:15:51+00:00","dateModified":"2025-11-10T17:46:45+00:00","breadcrumb":{"@id":"https:\/\/hoteldieudebrie.org\/#breadcrumb"},"inLanguage":"fr-FR","potentialAction":[{"@type":"ReadAction","target":["https:\/\/hoteldieudebrie.org\/"]}]},{"@type":"BreadcrumbList","@id":"https:\/\/hoteldieudebrie.org\/#breadcrumb","itemListElement":[{"@type":"ListItem","position":1,"name":"Accueil","item":"https:\/\/hoteldieudebrie.org\/"},{"@type":"ListItem","position":2,"name":"Accueil"}]},{"@type":"WebSite","@id":"http:\/\/hoteldieudebrie.org\/#website","url":"http:\/\/hoteldieudebrie.org\/","name":"H\u00f4tel-Dieu Brie-Comte-Robert.","description":"\u00a9 Les Amis du Vieux Ch\u00e2teau","potentialAction":[{"@type":"SearchAction","target":{"@type":"EntryPoint","urlTemplate":"http:\/\/hoteldieudebrie.org\/?s={search_term_string}"},"query-input":"required name=search_term_string"}],"inLanguage":"fr-FR"}]}},"_links":{"self":[{"href":"https:\/\/hoteldieudebrie.org\/index.php\/wp-json\/wp\/v2\/pages\/549"}],"collection":[{"href":"https:\/\/hoteldieudebrie.org\/index.php\/wp-json\/wp\/v2\/pages"}],"about":[{"href":"https:\/\/hoteldieudebrie.org\/index.php\/wp-json\/wp\/v2\/types\/page"}],"author":[{"embeddable":true,"href":"https:\/\/hoteldieudebrie.org\/index.php\/wp-json\/wp\/v2\/users\/1"}],"replies":[{"embeddable":true,"href":"https:\/\/hoteldieudebrie.org\/index.php\/wp-json\/wp\/v2\/comments?post=549"}],"version-history":[{"count":10,"href":"https:\/\/hoteldieudebrie.org\/index.php\/wp-json\/wp\/v2\/pages\/549\/revisions"}],"predecessor-version":[{"id":679,"href":"https:\/\/hoteldieudebrie.org\/index.php\/wp-json\/wp\/v2\/pages\/549\/revisions\/679"}],"wp:featuredmedia":[{"embeddable":true,"href":"https:\/\/hoteldieudebrie.org\/index.php\/wp-json\/wp\/v2\/media\/156"}],"wp:attachment":[{"href":"https:\/\/hoteldieudebrie.org\/index.php\/wp-json\/wp\/v2\/media?parent=549"}],"curies":[{"name":"wp","href":"https:\/\/api.w.org\/{rel}","templated":true}]}}