{"id":166,"date":"2023-12-08T18:07:36","date_gmt":"2023-12-08T17:07:36","guid":{"rendered":"http:\/\/hoteldw.cluster029.hosting.ovh.net\/?page_id=166"},"modified":"2024-01-18T16:40:21","modified_gmt":"2024-01-18T15:40:21","slug":"xve","status":"publish","type":"page","link":"https:\/\/hoteldieudebrie.org\/index.php\/xve\/","title":{"rendered":"XVe"},"content":{"rendered":"\n<p>L\u2019HOTEL-DIEU AU XVe SIECLE<\/p>\n\n\n\n<p>\u00a0\u00a0\u00a0\u00a0\u00a0\u00a0\u00a0\u00a0\u00a0\u00a0\u00a0 Le XVe si\u00e8cle s\u2019ouvrait par une p\u00e9riode sombre pour l\u2019\u00cele-de-France. Apr\u00e8s l\u2019assassinat de Louis d\u2019Orl\u00e9ans en 1407, les fran\u00e7ais furent divis\u00e9s en deux fractions oppos\u00e9e\u00a0: Les Bourguignons tenants de Jean sans Peur et les Armagnacs tenants de la famille d\u2019Orl\u00e9ans. Jusqu\u2019en 1420, Brie avait pu rester \u00e0 l\u2019\u00e9cart de cette guerre civile, les bourguignons en avait m\u00eame fait un lieu de ralliement.<\/p>\n\n\n\n<p>&nbsp;&nbsp;&nbsp;&nbsp;&nbsp;&nbsp;&nbsp;&nbsp;&nbsp;&nbsp;&nbsp; Le calme relatif de la ville permit certainement \u00e0 l\u2019H\u00f4tel-Dieu de fonctionner.<\/p>\n\n\n\n<p>&nbsp;&nbsp;&nbsp;&nbsp;&nbsp;&nbsp;&nbsp;&nbsp;&nbsp;&nbsp;&nbsp; Mais apr\u00e8s le trait\u00e9 de Troyes (1420) l\u2019arm\u00e9e anglaise occupa la Normandie et l\u2019\u00cele-de-France, dont Brie et ses environs. Les bandes anglaises et fran\u00e7aise se livr\u00e8rent \u00e0 une gu\u00e9rilla. Les archives communales<a href=\"#_ftn1\" id=\"_ftnref1\">[1]<\/a> r\u00e9v\u00e8lent qu\u2019en 1430 \u00ab&nbsp;la dicte ville et \u00e9glise avait \u00e9t\u00e9 pill\u00e9es par les dicts anglais par quatre diverses fois en quatre ans\u2026&nbsp;\u00bb&nbsp;. le fonctionnement de l\u2019h\u00f4tel-Dieu&nbsp;du s\u2019en ressentir&nbsp;;<\/p>\n\n\n\n<p>&nbsp;&nbsp;&nbsp;&nbsp;&nbsp;&nbsp;&nbsp;&nbsp;&nbsp;&nbsp;&nbsp; La ferme des Herces, source principale des revenus et du ravitaillement de l\u2019institution, avait du \u00eatre pill\u00e9e et d\u00e9vast\u00e9e du fait de son isolement dans les champs. De plus, d\u00e8s 1442, l\u2019\u00e9v\u00eaque d\u00e9fendait ses pr\u00e9rogatives pour la nomination de l\u2019administrateur.&nbsp; Un proc\u00e8s<a href=\"#_ftn2\" id=\"_ftnref2\">[2]<\/a> opposa Guillaume Canteleu, nomm\u00e9 par l\u2019\u00e9v\u00eaque et jean Bernart, nomm\u00e9 par Charles d\u2019Orl\u00e9ans, alors seigneur de Brie.<\/p>\n\n\n\n<p>Les textes nous ont laiss\u00e9 les noms des ma\u00eetres et administrateurs de l\u2019H\u00f4tel-Dieu pour la seconde moiti\u00e9 du XVe si\u00e8cle.<\/p>\n\n\n\n<p>&nbsp;&nbsp;&nbsp;&nbsp;&nbsp;&nbsp;&nbsp;&nbsp;&nbsp;&nbsp;&nbsp; 4 septembre 1455&nbsp;: Ma\u00eetre Jehan Boudeaux<a href=\"#_ftn3\" id=\"_ftnref3\">[3]<\/a><\/p>\n\n\n\n<p>&nbsp;&nbsp;&nbsp;&nbsp;&nbsp;&nbsp;&nbsp;&nbsp;&nbsp;&nbsp;&nbsp; 9 juillet 1460&nbsp;: Th\u00e9obald Herber<\/p>\n\n\n\n<p>&nbsp;&nbsp;&nbsp;&nbsp;&nbsp;&nbsp;&nbsp;&nbsp;&nbsp;&nbsp;&nbsp; 19 ao\u00fbt 1467&nbsp;: Jehan Corbel<\/p>\n\n\n\n<p>&nbsp;&nbsp;&nbsp;&nbsp;&nbsp;&nbsp;&nbsp;&nbsp;&nbsp;&nbsp;&nbsp; 26 mai 1468&nbsp;: Jehan de la H\u00e9raudi\u00e8re pr\u00eatre et ma\u00eetre de l\u2019h\u00f4tel-Dieu<a id=\"_ftnref6\" href=\"#_ftn6\">[4]<\/a><\/p>\n\n\n\n<p>&nbsp;&nbsp;&nbsp;&nbsp;&nbsp;&nbsp;&nbsp;&nbsp;&nbsp;&nbsp;&nbsp; 31 d\u00e9cembre 1474&nbsp;: Ma\u00eetre Nicolas Potet. Il est d\u00e9c\u00e9d\u00e9 en 1515 et enterr\u00e9 dans l\u2019\u00e9glise de Chevry<a id=\"_ftnref7\" href=\"#_ftn7\">[5]<\/a>.<\/p>\n\n\n\n<hr class=\"wp-block-separator has-alpha-channel-opacity\"\/>\n\n\n\n<p><a href=\"#_ftnref1\" id=\"_ftn1\">[1]<\/a> Arch&nbsp;. Com. de BCR \u00ab&nbsp;Inventaire des lettres , titres, actes, papiers \u2026. appartenant \u00e0 l\u2019\u00e9glise monseigneur Saint-Etienne&nbsp;\u00bb.<\/p>\n\n\n\n<p><a href=\"#_ftnref2\" id=\"_ftn2\">[2]<\/a> Arch. nat. X1a 8303 fol 158 (5 juillet 1442)<\/p>\n\n\n\n<p><a href=\"#_ftnref3\" id=\"_ftn3\">[3]<\/a> Arch. nat&nbsp;;&nbsp;: L409 fol. 196v\u00b0<\/p>\n\n\n\n<p><a id=\"_ftn6\" href=\"#_ftnref6\">[4]<\/a> Arh. nat.&nbsp;: M152 bail du moulin du Cornillot (C.B. p 849)<\/p>\n\n\n\n<p><a id=\"_ftn7\" href=\"#_ftnref7\">[5]<\/a> Abb\u00e9 Leboeuf<\/p>\n","protected":false},"excerpt":{"rendered":"<p>L\u2019HOTEL-DIEU AU XVe SIECLE \u00a0\u00a0\u00a0\u00a0\u00a0\u00a0\u00a0\u00a0\u00a0\u00a0\u00a0 Le XVe si\u00e8cle s\u2019ouvrait par une p\u00e9riode sombre pour l\u2019\u00cele-de-France. Apr\u00e8s l\u2019assassinat de Louis d\u2019Orl\u00e9ans en 1407, les fran\u00e7ais furent divis\u00e9s en deux fractions oppos\u00e9e\u00a0: Les Bourguignons tenants de Jean sans Peur et les Armagnacs tenants de la famille d\u2019Orl\u00e9ans. Jusqu\u2019en 1420, Brie avait pu rester \u00e0 l\u2019\u00e9cart de cette [&hellip;]<\/p>\n","protected":false},"author":1,"featured_media":354,"parent":0,"menu_order":0,"comment_status":"closed","ping_status":"closed","template":"","meta":{"footnotes":""},"yoast_head":"<!-- This site is optimized with the Yoast SEO plugin v21.6 - https:\/\/yoast.com\/wordpress\/plugins\/seo\/ -->\n<title>XVe - H\u00f4tel-Dieu Brie-Comte-Robert.<\/title>\n<meta name=\"robots\" content=\"index, follow, max-snippet:-1, max-image-preview:large, max-video-preview:-1\" \/>\n<link rel=\"canonical\" href=\"https:\/\/hoteldieudebrie.org\/index.php\/xve\/\" \/>\n<meta property=\"og:locale\" content=\"fr_FR\" \/>\n<meta property=\"og:type\" content=\"article\" \/>\n<meta property=\"og:title\" content=\"XVe - H\u00f4tel-Dieu Brie-Comte-Robert.\" \/>\n<meta property=\"og:description\" content=\"L\u2019HOTEL-DIEU AU XVe SIECLE \u00a0\u00a0\u00a0\u00a0\u00a0\u00a0\u00a0\u00a0\u00a0\u00a0\u00a0 Le XVe si\u00e8cle s\u2019ouvrait par une p\u00e9riode sombre pour l\u2019\u00cele-de-France. Apr\u00e8s l\u2019assassinat de Louis d\u2019Orl\u00e9ans en 1407, les fran\u00e7ais furent divis\u00e9s en deux fractions oppos\u00e9e\u00a0: Les Bourguignons tenants de Jean sans Peur et les Armagnacs tenants de la famille d\u2019Orl\u00e9ans. Jusqu\u2019en 1420, Brie avait pu rester \u00e0 l\u2019\u00e9cart de cette [&hellip;]\" \/>\n<meta property=\"og:url\" content=\"https:\/\/hoteldieudebrie.org\/index.php\/xve\/\" \/>\n<meta property=\"og:site_name\" content=\"H\u00f4tel-Dieu Brie-Comte-Robert.\" \/>\n<meta property=\"article:modified_time\" content=\"2024-01-18T15:40:21+00:00\" \/>\n<meta property=\"og:image\" content=\"https:\/\/hoteldw.cluster029.hosting.ovh.net\/wp-content\/uploads\/2023\/12\/1990_minute02.png\" \/>\n\t<meta property=\"og:image:width\" content=\"1248\" \/>\n\t<meta property=\"og:image:height\" content=\"460\" \/>\n\t<meta property=\"og:image:type\" content=\"image\/png\" \/>\n<meta name=\"twitter:card\" content=\"summary_large_image\" \/>\n<meta name=\"twitter:label1\" content=\"Dur\u00e9e de lecture estim\u00e9e\" \/>\n\t<meta name=\"twitter:data1\" content=\"2 minutes\" \/>\n<script type=\"application\/ld+json\" class=\"yoast-schema-graph\">{\"@context\":\"https:\/\/schema.org\",\"@graph\":[{\"@type\":\"WebPage\",\"@id\":\"https:\/\/hoteldieudebrie.org\/index.php\/xve\/\",\"url\":\"https:\/\/hoteldieudebrie.org\/index.php\/xve\/\",\"name\":\"XVe - H\u00f4tel-Dieu Brie-Comte-Robert.\",\"isPartOf\":{\"@id\":\"http:\/\/hoteldieudebrie.org\/#website\"},\"datePublished\":\"2023-12-08T17:07:36+00:00\",\"dateModified\":\"2024-01-18T15:40:21+00:00\",\"breadcrumb\":{\"@id\":\"https:\/\/hoteldieudebrie.org\/index.php\/xve\/#breadcrumb\"},\"inLanguage\":\"fr-FR\",\"potentialAction\":[{\"@type\":\"ReadAction\",\"target\":[\"https:\/\/hoteldieudebrie.org\/index.php\/xve\/\"]}]},{\"@type\":\"BreadcrumbList\",\"@id\":\"https:\/\/hoteldieudebrie.org\/index.php\/xve\/#breadcrumb\",\"itemListElement\":[{\"@type\":\"ListItem\",\"position\":1,\"name\":\"Accueil\",\"item\":\"https:\/\/hoteldieudebrie.org\/\"},{\"@type\":\"ListItem\",\"position\":2,\"name\":\"XVe\"}]},{\"@type\":\"WebSite\",\"@id\":\"http:\/\/hoteldieudebrie.org\/#website\",\"url\":\"http:\/\/hoteldieudebrie.org\/\",\"name\":\"H\u00f4tel-Dieu Brie-Comte-Robert.\",\"description\":\"\u00a9 Les Amis du Vieux Ch\u00e2teau\",\"potentialAction\":[{\"@type\":\"SearchAction\",\"target\":{\"@type\":\"EntryPoint\",\"urlTemplate\":\"http:\/\/hoteldieudebrie.org\/?s={search_term_string}\"},\"query-input\":\"required name=search_term_string\"}],\"inLanguage\":\"fr-FR\"}]}<\/script>\n<!-- \/ Yoast SEO plugin. -->","yoast_head_json":{"title":"XVe - H\u00f4tel-Dieu Brie-Comte-Robert.","robots":{"index":"index","follow":"follow","max-snippet":"max-snippet:-1","max-image-preview":"max-image-preview:large","max-video-preview":"max-video-preview:-1"},"canonical":"https:\/\/hoteldieudebrie.org\/index.php\/xve\/","og_locale":"fr_FR","og_type":"article","og_title":"XVe - H\u00f4tel-Dieu Brie-Comte-Robert.","og_description":"L\u2019HOTEL-DIEU AU XVe SIECLE \u00a0\u00a0\u00a0\u00a0\u00a0\u00a0\u00a0\u00a0\u00a0\u00a0\u00a0 Le XVe si\u00e8cle s\u2019ouvrait par une p\u00e9riode sombre pour l\u2019\u00cele-de-France. Apr\u00e8s l\u2019assassinat de Louis d\u2019Orl\u00e9ans en 1407, les fran\u00e7ais furent divis\u00e9s en deux fractions oppos\u00e9e\u00a0: Les Bourguignons tenants de Jean sans Peur et les Armagnacs tenants de la famille d\u2019Orl\u00e9ans. Jusqu\u2019en 1420, Brie avait pu rester \u00e0 l\u2019\u00e9cart de cette [&hellip;]","og_url":"https:\/\/hoteldieudebrie.org\/index.php\/xve\/","og_site_name":"H\u00f4tel-Dieu Brie-Comte-Robert.","article_modified_time":"2024-01-18T15:40:21+00:00","og_image":[{"width":1248,"height":460,"url":"https:\/\/hoteldw.cluster029.hosting.ovh.net\/wp-content\/uploads\/2023\/12\/1990_minute02.png","type":"image\/png"}],"twitter_card":"summary_large_image","twitter_misc":{"Dur\u00e9e de lecture estim\u00e9e":"2 minutes"},"schema":{"@context":"https:\/\/schema.org","@graph":[{"@type":"WebPage","@id":"https:\/\/hoteldieudebrie.org\/index.php\/xve\/","url":"https:\/\/hoteldieudebrie.org\/index.php\/xve\/","name":"XVe - H\u00f4tel-Dieu Brie-Comte-Robert.","isPartOf":{"@id":"http:\/\/hoteldieudebrie.org\/#website"},"datePublished":"2023-12-08T17:07:36+00:00","dateModified":"2024-01-18T15:40:21+00:00","breadcrumb":{"@id":"https:\/\/hoteldieudebrie.org\/index.php\/xve\/#breadcrumb"},"inLanguage":"fr-FR","potentialAction":[{"@type":"ReadAction","target":["https:\/\/hoteldieudebrie.org\/index.php\/xve\/"]}]},{"@type":"BreadcrumbList","@id":"https:\/\/hoteldieudebrie.org\/index.php\/xve\/#breadcrumb","itemListElement":[{"@type":"ListItem","position":1,"name":"Accueil","item":"https:\/\/hoteldieudebrie.org\/"},{"@type":"ListItem","position":2,"name":"XVe"}]},{"@type":"WebSite","@id":"http:\/\/hoteldieudebrie.org\/#website","url":"http:\/\/hoteldieudebrie.org\/","name":"H\u00f4tel-Dieu Brie-Comte-Robert.","description":"\u00a9 Les Amis du Vieux Ch\u00e2teau","potentialAction":[{"@type":"SearchAction","target":{"@type":"EntryPoint","urlTemplate":"http:\/\/hoteldieudebrie.org\/?s={search_term_string}"},"query-input":"required name=search_term_string"}],"inLanguage":"fr-FR"}]}},"_links":{"self":[{"href":"https:\/\/hoteldieudebrie.org\/index.php\/wp-json\/wp\/v2\/pages\/166"}],"collection":[{"href":"https:\/\/hoteldieudebrie.org\/index.php\/wp-json\/wp\/v2\/pages"}],"about":[{"href":"https:\/\/hoteldieudebrie.org\/index.php\/wp-json\/wp\/v2\/types\/page"}],"author":[{"embeddable":true,"href":"https:\/\/hoteldieudebrie.org\/index.php\/wp-json\/wp\/v2\/users\/1"}],"replies":[{"embeddable":true,"href":"https:\/\/hoteldieudebrie.org\/index.php\/wp-json\/wp\/v2\/comments?post=166"}],"version-history":[{"count":3,"href":"https:\/\/hoteldieudebrie.org\/index.php\/wp-json\/wp\/v2\/pages\/166\/revisions"}],"predecessor-version":[{"id":629,"href":"https:\/\/hoteldieudebrie.org\/index.php\/wp-json\/wp\/v2\/pages\/166\/revisions\/629"}],"wp:featuredmedia":[{"embeddable":true,"href":"https:\/\/hoteldieudebrie.org\/index.php\/wp-json\/wp\/v2\/media\/354"}],"wp:attachment":[{"href":"https:\/\/hoteldieudebrie.org\/index.php\/wp-json\/wp\/v2\/media?parent=166"}],"curies":[{"name":"wp","href":"https:\/\/api.w.org\/{rel}","templated":true}]}}